 = -25 + 9 + 20*q + 9 - 7*q. Let o(t) = 7*n(t) - 4*r(t). Let w be o(-7). Calculate the highest common divisor of w and 14.
14
Let x = 28 - 25. Suppose 2*v + 2 = o, 5*v - 8*o - 5 = -x*o. Let p be v + (232/12)/((-4)/(-18)). What is the greatest common divisor of p and 56?
28
Suppose 91 = -4*h - 85. Let i = h + 38. Let p be (1 - 9)/(3/i). What is the highest common divisor of 12 and p?
4
Let f be 7 + 15 - -1*(-5)/5. Suppose -f = -10*l + 49. What is the greatest common divisor of 2 and l?
1
Suppose 102 = 6*m + 84. Suppose -60 = -2*d - m*f, 0 = -d + 2*f - 1 + 17. What is the highest common divisor of 16 and d?
8
Let o = 5431 - 5257. What is the greatest common factor of o and 12?
6
Let n be (-7)/((-126)/12) - (-8)/6. Suppose -n*m + 4 = -2*j, -8*m + 2 = -10*m + 5*j. Calculate the greatest common factor of 268 and m.
4
Suppose -7*i = -936 + 145. Let j = i + -85. Let b be ((-1)/3)/(-1 + 123/126). What is the greatest common factor of b and j?
14
Suppose 20*p + 14455 = 62815. What is the greatest common factor of p and 279?
93
Let o be (52/10)/((-10)/(-25)). Let b be o/(-1 + (-4)/30*-10). What is the highest common divisor of 52 and b?
13
Suppose 2*g - 2 = -6, -2*g = -4*k - 32. Let n(z) = -4*z**2 - 39*z - 7. Let v be n(k). What is the highest common divisor of 40 and v?
20
Let q(w) = 4*w**2 + 94*w + 1452. Let c be q(-21). What is the greatest common factor of 276 and c?
138
Suppose 29*h = 7*h - 14*h + 25380. What is the highest common factor of 90 and h?
15
Suppose -10*z = 6290 + 44810. Let n be z/(-91) - 6/39. What is the greatest common factor of 224 and n?
56
Let a = -27456 + 27576. Calculate the highest common factor of 2424 and a.
24
Suppose 5*b - 15922 = -8*w, -2*w - 375 = 3*b - 4359. What is the greatest common divisor of w and 9?
9
Let y(z) = z**2 + 12*z - 16. Let n be y(-14). Suppose 2*t - 50 = -n. Calculate the greatest common divisor of 19 and t.
19
Suppose 5*j + 1040 - 3621 = 1319. What is the greatest common factor of j and 960?
60
Let t = -740 - -776. Suppose 2*x = -2*x + 176. Suppose t = -c + x. What is the highest common divisor of 56 and c?
8
Let m(g) = -g**3 - 6*g**2 - 10*g - 5. Let i be m(-7). Calculate the greatest common factor of 1539 and i.
57
Suppose 5*m - h = 9079, 2*h - 762 = m - 2567. Calculate the greatest common factor of m and 711.
79
Let p = -5 + -29. Let v(t) = -8*t - 14. Let h be v(5). Let b = p - h. Calculate the highest common divisor of b and 10.
10
Let g(f) = f - 3. Let z be g(54). Let a be (-35)/(-6) + 4/24. Calculate the greatest common divisor of z and a.
3
Suppose -3*i + 47*b - 43*b + 12557 = 0, 0 = 3*i + 9*b - 12570. Calculate the greatest common factor of 53 and i.
53
Suppose -36*p + 167*p - 193225 = 0. Calculate the greatest common factor of p and 75.
25
Let o be (-61 - -62)*(94 - -1). Let x(i) = -i + 2. Let q be x(2). Suppose q*z + 304 = 8*z. Calculate the highest common factor of o and z.
19
Let r = -19924 - -33785. Calculate the highest common divisor of r and 83.
83
Let u(k) = 163*k**2 + 3*k - 4. Let y be (-4)/(-14) + (-70)/(-98). Let c be u(y). What is the highest common divisor of 729 and c?
81
Let t = -23632 - -24502. What is the greatest common divisor of 2552 and t?
58
Let x = -5971 - -6068. What is the greatest common factor of x and 2231?
97
Suppose 1638 = -19*s + 5*s. Let w be (-18)/(-45) + 1/5*s. Let j be (-3)/(-6)*-1 - w/2. What is the greatest common divisor of 121 and j?
11
Suppose y - 6*y = -615. Suppose 35026 = 1678*o - 33772. Calculate the greatest common factor of o and y.
41
Suppose 0 = -3*g - 0 - 27. Let p be 1 - 33/g - (-4)/(-6). Suppose 0 = -3*f - 5*t + 201, 3*t - 47 = -p*f + 232. Calculate the highest common divisor of f and 18.
18
Let w(f) = -f**3 + 7*f**2 + 10*f - 5. Let g be 6/4 + (-309)/6. Let y be 64/10 + 5/(g/(-6)). Let o be w(y). What is the greatest common factor of o and 39?
13
Let q(k) = k**3 - k**2 + 11*k + 19. Let y be q(0). Suppose -4*r - 5*t = -19, -4*t + y = r + 17. Calculate the highest common divisor of r and 12.
6
Suppose 3*r - 6975 = 4767. Calculate the greatest common divisor of 38 and r.
38
Suppose -297*l - 12397 = -320*l. Calculate the highest common factor of l and 308.
77
Suppose -2*c = -2*n + 248, 3*n - 5*n + 246 = -c. Let t be (-364)/(-18)*19 + n/(-549). What is the greatest common divisor of 6 and t?
6
Suppose -2*m + 689 - 1810 = -3*y, -1883 = -5*y - 4*m. Calculate the highest common divisor of 540 and y.
15
Suppose -494*p + 466*p = -252. Suppose 2*z - 37 = 33. Suppose -440 = -p*m - z. Calculate the greatest common factor of m and 5.
5
Let m(y) = 51*y - 63. Let n be m(7). Let a be ((-144)/504)/((-1)/147). What is the greatest common factor of a and n?
42
Suppose -17 = -3*m + 1. Suppose -5*l + 8*l = -4*x + 44, -2*x - 8 = 0. Suppose -2*j + m*j = l. Calculate the greatest common factor of j and 40.
5
Suppose 0*p + 66746 = 9*p - 48058. Calculate the highest common divisor of p and 12.
12
Let m(y) = -3*y**3 + 20*y**2 + 9*y - 14. Let w be (-40)/(-6)*129/172. Let x be m(w). What is the highest common factor of x and 6?
6
Let c(t) = -44*t + 21. Let d be c(-6). Let s = -50 + d. What is the greatest common divisor of s and 47?
47
Suppose -81*i + 132*i - 20400 = 0. Calculate the highest common divisor of 425 and i.
25
Let a(h) = 24*h + 1116. Let n be a(-42). Calculate the highest common divisor of 4212 and n.
108
Suppose 0 = -3253*j + 3260*j - 91. What is the highest common factor of 33 and j?
1
Suppose -p + 34 = 3*c, -3 - 1 = -4*c. Suppose -10*o - o = -1705. What is the greatest common divisor of p and o?
31
Suppose 0 = -7*w + 48 - 13. Suppose w*s - 5*k = 110, 0 = -6*k + 7*k. What is the highest common factor of s and 33?
11
Let t = 414 + -119. What is the greatest common divisor of 40 and t?
5
Let w = 10235 - 10067. What is the greatest common factor of 708 and w?
12
Suppose 0 = 5*o - 5*g - 4022 - 6583, -2*g - 8474 = -4*o. What is the highest common factor of o and 4?
4
Suppose -60 = -20*u + 17*u. Let k be (1 + -3)/((-35)/6650). What is the highest common divisor of k and u?
20
Let v = -1980 + 1994. Calculate the highest common divisor of 1169 and v.
7
Let k(i) = -9*i - 232. Let x(t) = -t**3 + 2*t**2 + 20*t - 3. Let g be x(6). Let l be k(g). Let b = 23 + 21. Calculate the highest common factor of b and l.
11
Let n = 4297 - 2984. Suppose 520 + n = 47*c. Calculate the greatest common divisor of c and 377.
13
Suppose -18*l = 4*b - 67 - 331, 0 = -2*l - 5*b + 67. Calculate the greatest common factor of l and 4683.
21
Suppose 10*l - 11*l - 5*g + 34 = 0, 4*l - 31 = g. Calculate the highest common factor of 5103 and l.
9
Let z = -4382 + 4942. What is the highest common factor of 160 and z?
80
Let m = 4 - -55. Calculate the greatest common factor of 8083 and m.
59
Let f(b) = -68*b - 1664. Let j be f(-25). What is the highest common factor of 1 and j?
1
Suppose 52*j = 57*j - 960. Let m = -59 + 61. Suppose -v = m*v + 9, 4*v = 4*h - 108. Calculate the greatest common factor of h and j.
24
Let b = -2132 + 2366. What is the greatest common divisor of 52 and b?
26
Suppose 5*b = -3*j - 30, -4*j - 37 = 4*b + j. Let x be ((-28)/98)/((3/91)/b). Let s = 177 + -125. What is the greatest common divisor of s and x?
26
Let w be -2 - 40/(-6)*246/4. What is the highest common divisor of w and 459?
51
Let d(v) = 3550*v**2 + v + 1. Let u be d(1). Suppose 10*p - u + 1132 = 0. What is the greatest common factor of 22 and p?
22
Let q(s) = s**2 - 12*s + 22. Let h be q(10). Suppose t + 10 = h*t. Suppose -3*z + 74 = 2*o, 5*o - 3*o + t = 0. What is the highest common divisor of z and 70?
14
Suppose 2*d + 3 = -1. Let s be -3 + (-4)/d - 6. Let y(g) = -g**3 - 7*g**2 - 4*g - 5. Let r be y(s). What is the greatest common divisor of r and 253?
23
Let k = 64 + -54. Let v be (k/4 - 1)/((-42)/(-336)). Suppose -z - 30 = -5*t, -5*t - 2*z + 18 = -v. Calculate the highest common divisor of t and 30.
6
Suppose 2*y + 12*f + 73 - 441 = 0, -2*f = -5*y + 1176. Calculate the greatest common factor of 1914 and y.
58
Suppose 0 = -833*p + 910*p - 2695. What is the highest common divisor of p and 130?
5
Let q(c) = -8*c - 28. Let a be q(-3). Let s(l) = 6*l**2 + 8*l + 5. Let o be s(a). Calculate the greatest common factor of 23 and o.
23
Let f be (-52)/78 + -8*(-5)/15. Let v be (-24)/(-9)*(-9)/3. Let o be (1 - 0)/((-1)/v